[INFO] cloning repository https://github.com/STBoyden/project-triangle
[INFO] running `Command { std: "git" "-c" "credential.helper=" "-c" "credential.helper=/workspace/cargo-home/bin/git-credential-null" "clone" "--bare" "https://github.com/STBoyden/project-triangle" "/workspace/cache/git-repos/https%3A%2F%2Fgithub.com%2FSTBoyden%2Fproject-triangle", kill_on_drop: false }`
[INFO] [stderr] Cloning into bare repository '/workspace/cache/git-repos/https%3A%2F%2Fgithub.com%2FSTBoyden%2Fproject-triangle'...
[INFO] running `Command { std: "git" "rev-parse" "HEAD", kill_on_drop: false }`
[INFO] [stdout] 4337fc67264f71b940af9a7fe2ddcf5a43429bc4
[INFO] checking STBoyden/project-triangle against master#af3c6e733a40e671550e0f0f5aeecaa13772ba56 for pr-74989
[INFO] running `Command { std: "git" "clone" "/workspace/cache/git-repos/https%3A%2F%2Fgithub.com%2FSTBoyden%2Fproject-triangle" "/workspace/builds/worker-8/source", kill_on_drop: false }`
[INFO] [stderr] Cloning into '/workspace/builds/worker-8/source'...
[INFO] [stderr] done.
[INFO] validating manifest of git repo https://github.com/STBoyden/project-triangle on toolchain af3c6e733a40e671550e0f0f5aeecaa13772ba56
[INFO] running `Command { std: "/workspace/cargo-home/bin/cargo" "+af3c6e733a40e671550e0f0f5aeecaa13772ba56" "read-manifest" "--manifest-path" "Cargo.toml", kill_on_drop: false }`
[INFO] started tweaking git repo https://github.com/STBoyden/project-triangle
[INFO] finished tweaking git repo https://github.com/STBoyden/project-triangle
[INFO] tweaked toml for git repo https://github.com/STBoyden/project-triangle written to /workspace/builds/worker-8/source/Cargo.toml
[INFO] running `Command { std: "/workspace/cargo-home/bin/cargo" "+af3c6e733a40e671550e0f0f5aeecaa13772ba56" "generate-lockfile" "--manifest-path" "Cargo.toml" "-Zno-index-update", kill_on_drop: false }`
[INFO] [stderr]     Updating git repository `https://github.com/STBoyden/ptgui`
[INFO] running `Command { std: "/workspace/cargo-home/bin/cargo" "+af3c6e733a40e671550e0f0f5aeecaa13772ba56" "fetch" "--locked" "--manifest-path" "Cargo.toml", kill_on_drop: false }`
[INFO] running `Command { std: "docker" "create" "-v" "/var/lib/crater-agent-workspace/builds/worker-8/target:/opt/rustwide/target:rw,Z" "-v" "/var/lib/crater-agent-workspace/builds/worker-8/source:/opt/rustwide/workdir:ro,Z" "-v" "/var/lib/crater-agent-workspace/cargo-home:/opt/rustwide/cargo-home:ro,Z" "-v" "/var/lib/crater-agent-workspace/rustup-home:/opt/rustwide/rustup-home:ro,Z" "-e" "SOURCE_DIR=/opt/rustwide/workdir" "-e" "CARGO_TARGET_DIR=/opt/rustwide/target" "-e" "CARGO_HOME=/opt/rustwide/cargo-home" "-e" "RUSTUP_HOME=/opt/rustwide/rustup-home" "-w" "/opt/rustwide/workdir" "-m" "1610612736" "--user" "0:0" "--network" "none" "rustops/crates-build-env@sha256:d92eaeed33fa75130ca1ee6c8a01d1ffb62bac859dfdfb3450e3e5d1c0146529" "/opt/rustwide/cargo-home/bin/cargo" "+af3c6e733a40e671550e0f0f5aeecaa13772ba56" "metadata" "--no-deps" "--format-version=1", kill_on_drop: false }`
[INFO] [stderr] WARNING: Your kernel does not support swap limit capabilities or the cgroup is not mounted. Memory limited without swap.
[INFO] [stdout] f4db602acdc8158aa2d19e67ff1a922e6d9b2cb39c390f583069c58d2e7f3afe
[INFO] running `Command { std: "docker" "start" "-a" "f4db602acdc8158aa2d19e67ff1a922e6d9b2cb39c390f583069c58d2e7f3afe", kill_on_drop: false }`
[INFO] running `Command { std: "docker" "inspect" "f4db602acdc8158aa2d19e67ff1a922e6d9b2cb39c390f583069c58d2e7f3afe", kill_on_drop: false }`
[INFO] running `Command { std: "docker" "rm" "-f" "f4db602acdc8158aa2d19e67ff1a922e6d9b2cb39c390f583069c58d2e7f3afe", kill_on_drop: false }`
[INFO] [stdout] f4db602acdc8158aa2d19e67ff1a922e6d9b2cb39c390f583069c58d2e7f3afe
[INFO] running `Command { std: "docker" "create" "-v" "/var/lib/crater-agent-workspace/builds/worker-8/target:/opt/rustwide/target:rw,Z" "-v" "/var/lib/crater-agent-workspace/builds/worker-8/source:/opt/rustwide/workdir:ro,Z" "-v" "/var/lib/crater-agent-workspace/cargo-home:/opt/rustwide/cargo-home:ro,Z" "-v" "/var/lib/crater-agent-workspace/rustup-home:/opt/rustwide/rustup-home:ro,Z" "-e" "SOURCE_DIR=/opt/rustwide/workdir" "-e" "CARGO_TARGET_DIR=/opt/rustwide/target" "-e" "CARGO_INCREMENTAL=0" "-e" "RUST_BACKTRACE=full" "-e" "RUSTFLAGS=--cap-lints=forbid" "-e" "CARGO_HOME=/opt/rustwide/cargo-home" "-e" "RUSTUP_HOME=/opt/rustwide/rustup-home" "-w" "/opt/rustwide/workdir" "-m" "1610612736" "--user" "0:0" "--network" "none" "rustops/crates-build-env@sha256:d92eaeed33fa75130ca1ee6c8a01d1ffb62bac859dfdfb3450e3e5d1c0146529" "/opt/rustwide/cargo-home/bin/cargo" "+af3c6e733a40e671550e0f0f5aeecaa13772ba56" "check" "--frozen" "--all" "--all-targets" "--message-format=json", kill_on_drop: false }`
[INFO] [stderr] WARNING: Your kernel does not support swap limit capabilities or the cgroup is not mounted. Memory limited without swap.
[INFO] [stdout] 2b7448ea982373fd27d07d3f2feb32573a202cc6de737260572b30f78e9931b3
[INFO] running `Command { std: "docker" "start" "-a" "2b7448ea982373fd27d07d3f2feb32573a202cc6de737260572b30f78e9931b3", kill_on_drop: false }`
[INFO] [stderr]    Compiling fs_extra v1.2.0
[INFO] [stderr]    Compiling memchr v2.3.3
[INFO] [stderr]     Checking base64 v0.12.3
[INFO] [stderr]     Checking regex-syntax v0.6.18
[INFO] [stderr]     Checking thread_local v1.0.1
[INFO] [stderr]     Checking serde v1.0.116
[INFO] [stderr]    Compiling raylib-sys v3.0.0
[INFO] [stderr]     Checking aho-corasick v0.7.13
[INFO] [stderr]     Checking regex v1.3.9
[INFO] [stderr]     Checking serde_json v1.0.57
[INFO] [stderr]     Checking ron v0.6.2
[INFO] [stderr]     Checking raylib v3.0.0
[INFO] [stderr]     Checking ptgui v0.2.0 (https://github.com/STBoyden/ptgui#0ca3274a)
[INFO] [stderr]     Checking project_triangle v0.1.0 (/opt/rustwide/workdir)
[INFO] [stdout] error[E0599]: no method named `set_button_fix_widths` found for mutable reference `&mut ptgui::gui_handler::GuiHandler<game::GameStates>` in the current scope
[INFO] [stdout]    --> src/components/game.rs:117:14
[INFO] [stdout]     |
[INFO] [stdout] 117 |             .set_button_fix_widths(true)
[INFO] [stdout]     |              ^^^^^^^^^^^^^^^^^^^^^ help: there is an associated function with a similar name: `set_component_fix_widths`
[INFO] [stdout] 
[INFO] [stdout] 
[INFO] [stdout] error[E0599]: no method named `set_button_fix_widths` found for mutable reference `&mut ptgui::gui_handler::GuiHandler<game::GameStates>` in the current scope
[INFO] [stdout]    --> src/components/game.rs:124:14
[INFO] [stdout]     |
[INFO] [stdout] 124 |             .set_button_fix_widths(true)
[INFO] [stdout]     |              ^^^^^^^^^^^^^^^^^^^^^ help: there is an associated function with a similar name: `set_component_fix_widths`
[INFO] [stdout] 
[INFO] [stdout] 
[INFO] [stdout] error[E0599]: no method named `set_button_fix_widths` found for mutable reference `&mut ptgui::gui_handler::GuiHandler<game::GameStates>` in the current scope
[INFO] [stdout]    --> src/components/game.rs:132:14
[INFO] [stdout]     |
[INFO] [stdout] 132 |             .set_button_fix_widths(true)
[INFO] [stdout]     |              ^^^^^^^^^^^^^^^^^^^^^ help: there is an associated function with a similar name: `set_component_fix_widths`
[INFO] [stdout] 
[INFO] [stdout] 
[INFO] [stdout] error[E0599]: no method named `set_button_fix_widths` found for mutable reference `&mut ptgui::gui_handler::GuiHandler<game::GameStates>` in the current scope
[INFO] [stdout]    --> src/components/game.rs:117:14
[INFO] [stdout]     |
[INFO] [stdout] 117 |             .set_button_fix_widths(true)
[INFO] [stdout]     |              ^^^^^^^^^^^^^^^^^^^^^ help: there is an associated function with a similar name: `set_component_fix_widths`
[INFO] [stdout] 
[INFO] [stdout] 
[INFO] [stdout] error[E0599]: no method named `set_button_fix_widths` found for mutable reference `&mut ptgui::gui_handler::GuiHandler<game::GameStates>` in the current scope
[INFO] [stdout]    --> src/components/game.rs:124:14
[INFO] [stdout]     |
[INFO] [stdout] 124 |             .set_button_fix_widths(true)
[INFO] [stdout]     |              ^^^^^^^^^^^^^^^^^^^^^ help: there is an associated function with a similar name: `set_component_fix_widths`
[INFO] [stdout] 
[INFO] [stdout] 
[INFO] [stdout] error[E0599]: no method named `set_button_fix_widths` found for mutable reference `&mut ptgui::gui_handler::GuiHandler<game::GameStates>` in the current scope
[INFO] [stdout]    --> src/components/game.rs:132:14
[INFO] [stdout]     |
[INFO] [stdout] 132 |             .set_button_fix_widths(true)
[INFO] [stdout]     |              ^^^^^^^^^^^^^^^^^^^^^ help: there is an associated function with a similar name: `set_component_fix_widths`
[INFO] [stdout] 
[INFO] [stdout] 
[INFO] [stdout] error: aborting due to 3 previous errors
[INFO] [stdout] 
[INFO] [stdout] 
[INFO] [stdout] For more information about this error, try `rustc --explain E0599`.
[INFO] [stdout] 
[INFO] [stderr] error: could not compile `project_triangle`.
[INFO] [stderr] 
[INFO] [stderr] To learn more, run the command again with --verbose.
[INFO] [stderr] warning: build failed, waiting for other jobs to finish...
[INFO] [stdout] error: aborting due to 3 previous errors
[INFO] [stdout] 
[INFO] [stdout] 
[INFO] [stdout] For more information about this error, try `rustc --explain E0599`.
[INFO] [stdout] 
[INFO] [stderr] error: build failed
[INFO] running `Command { std: "docker" "inspect" "2b7448ea982373fd27d07d3f2feb32573a202cc6de737260572b30f78e9931b3", kill_on_drop: false }`
[INFO] running `Command { std: "docker" "rm" "-f" "2b7448ea982373fd27d07d3f2feb32573a202cc6de737260572b30f78e9931b3", kill_on_drop: false }`
[INFO] [stdout] 2b7448ea982373fd27d07d3f2feb32573a202cc6de737260572b30f78e9931b3
